se -5*o - 4*l + 79 = v, -4*l = 2*o + 2*o - 64. Calculate the remainder when o is divided by 8.
7
Let v(m) = m**2 + 5*m + 6. Let x be v(-5). Let y be 210/(-18) - (-4)/x. What is the remainder when 41 is divided by (-156)/y - (-4)/(-22)?
13
Suppose -114 - 18 = 12*w. What is the remainder when 24 is divided by w/(-1) + -1 + (-1 - 2)?
3
Suppose 6*c - 2*c = 232. Let r = 20 + c. Calculate the remainder when r is divided by (-162)/(-8) - 1/4.
18
What is the remainder when (-1 - 3) + (-7050)/(-10) is divided by 13?
12
Let f(k) = 14*k**3 - 21*k**2 - 20*k - 6. Let y(s) = -5*s**3 + 7*s**2 + 7*s + 2. Let p(v) = -4*f(v) - 11*y(v). What is the remainder when p(7) is divided by 8?
7
Suppose -8 - 36 = -4*n. What is the remainder when n is divided by 0 + 4 - -4*21/28?
4
Let i(q) = 3*q**2 - 2. Let b be i(-2). What is the remainder when 17 is divided by -1 + -1 + 2 + b?
7
Let l(w) = w**2 - 3*w + 20. Let v be ((-2)/(-4))/(((-8)/(-2))/96). What is the remainder when l(v) is divided by 26?
24
Suppose 0 = -2*v - v + 117. Suppose 0 = -3*l + 2*x + 34, -3*l + 4*x = -6 - 20. What is the remainder when v is divided by l?
11
Calculate the remainder when -4 - (7 - (74 + 5)) is divided by 41.
27
Let d = -674 + 741. Calculate the remainder when 465 is divided by d.
63
Suppose -m + f = 5*f + 10, 3*m - 15 = -3*f. Calculate the remainder when 188 is divided by m.
8
What is the remainder when 45 is divided by (-8)/(9 - 1) - -13*1?
9
Suppose -49 = -2*c - 3*u, -2*c + 0*u + 51 = 5*u. Let n = 12 + c. Calculate the remainder when n is divided by 18.
17
Let y = 668 + -624. Calculate the remainder when 123 is divided by y.
35
Let q be 4/22 - ((-228)/(-44) - -1). What is the remainder when 10 is divided by q*1*10/(-15)?
2
Suppose -3*l = 23 - 11. Let g be (-1*6)/(l/(-6)). Let i = g + 12. Calculate the remainder when 5 is divided by i.
2
Let u = -364 - -539. Calculate the remainder when u is divided by 62.
51
Let k(q) = q**2 - 6*q - 2. Suppose 14*a = -21 + 175. What is the remainder when 317 is divided by k(a)?
52
Let r = 74 + -53. What is the remainder when r is divided by 34/3 - (-2)/3?
9
Let z(r) = -r - 3*r + r + 11 + r. Calculate the remainder when 65 is divided by z(0).
10
Suppose -g = 3*g - 288. Suppose -4*n = -g - 36. Let z(r) = 17*r - 81. What is the remainder when z(11) is divided by n?
25
Suppose 4*i + 3*b - 118 = 0, 11 = 4*b + 3. Suppose 0 = 4*r - 95 - 113. Calculate the remainder when r is divided by i.
24
Suppose 17*c + 4 = 565. Let m = -29 - -46. What is the remainder when c is divided by m?
16
Let h(v) = v**2 + 3*v - 3. Let d be h(-6). Let p(k) = k + 16. Calculate the remainder when p(d) is divided by 16.
15
Let b(s) be the third derivative of 7*s**4/12 - 11*s**3/6 - 5*s**2. Calculate the remainder when 135 is divided by b(2).
16
Suppose -8*w + 252 = -w. Suppose 5*p - 4 - 346 = 0. Calculate the remainder when p is divided by w.
34
Let h(k) = 6*k + 5*k + 2 - 10*k - 4. Calculate the remainder when 21 is divided by h(10).
5
Let x(h) = -27*h + 18. What is the remainder when 50 is divided by x(0)?
14
Suppose -4*w = 45 - 65. Suppose -o - 4 = -w*n - 3, 3*o - 2*n = 10. Calculate the remainder when 11 is divided by o.
3
Suppose 5*d - 7 = -37. Let g(k) = -k**2 - 9*k + 16. What is the remainder when 169 is divided by g(d)?
33
Let p = 39 - 34. What is the remainder when ((-18)/4)/9*-28 is divided by p?
4
Suppose -4*b + 92 = -0*b + 3*y, b + 5*y = 40. Let p(t) = -t**2 + 21*t - 17. What is the remainder when 4 is divided by p(b)?
1
Suppose -5*r = -4*j + 8*j - 725, -r - 4*j + 161 = 0. What is the remainder when r is divided by 37?
30
Suppose 0 = 9*b + 11 - 38. Calculate the remainder when 6 is divided by b.
0
Let b(s) = 3*s - 10. Let v be b(5). Suppose 0*p = p - 23. Calculate the remainder when 2/v + (-666)/(-10) is divided by p.
21
Suppose 767*y = 762*y + 390. Calculate the remainder when y is divided by 5.
3
Suppose -3*j = 3*u - 324, 36 + 69 = u + 4*j. Calculate the remainder when u is divided by 58.
51
Suppose -412 + 112 = -p. Calculate the remainder when p/(-18)*12/(-10) is divided by 15.
5
Let p(a) = -a**3 + 8*a**2 - 5*a - 11. Let v be p(7). Suppose 0 = 2*o - v*o. Suppose -c + o = -9. Calculate the remainder when 23 is divided by c.
5
Suppose 10 = -0*d - 5*d. Let x(m) = -m**3 - 3*m**2 - 4*m - 6. What is the remainder when x(-5) is divided by ((-15)/(-6) + -2)*-22*d?
20
Let o(y) = -y**2 + y + 2. Let c be o(3). Let m(x) = -x**3 - x**2 - x + 119. Calculate the remainder when m(0) is divided by 4*c/(-32)*-8 - -34.
29
Suppose -11*w - 25 = -6*w, 3*n + 3*w - 3 = 0. Calculate the remainder when ((-186)/(-9))/2 + 4/n is divided by (-2)/(-7) - 80/(-14).
5
Calculate the remainder when 155 is divided by (2 - 276/21)/((-24)/84).
38
Let v(q) = -q**2 + 19*q + 11. Let w be v(11). Suppose -x - 2*x + w = 0. Calculate the remainder when x is divided by 5.
3
Let k(m) = 2*m**2 - 2*m - 1. Let l be k(-8). Let p = 201 - l. Calculate the remainder when p is divided by 16.
10
Suppose 62 - 96 = -2*g. Calculate the remainder when 83 is divided by g.
15
Suppose -114*x = -68*x - 1748. Let p(m) = 2*m**2 - 13. Calculate the remainder when p(-10) is divided by x.
35
Let a = -37 - -23. Let r = 28 + a. What is the remainder when 68 is divided by r?
12
Let m(n) = 3*n - 15. Let t be m(6). Suppose k - t*k = 0. Calculate the remainder when 42 is divided by -1 + 26 + -3 + k.
20
Let o = 37 + -31. Suppose -4*x + o*x = 50. What is the remainder when x is divided by 7?
4
Let x = -928 - -986. Let z(r) = r**3 - 5*r**2 - 2*r - 4. Let s(o) = -o**3 + 5*o**2 - 4*o + 2. Let g be s(2). What is the remainder when x is divided by z(g)?
18
Suppose 47 = -2*w + 75. What is the remainder when (-3 - -57)*2/4 is divided by w?
13
Let z(g) = -4*g + 161. What is the remainder when 218 is divided by z(26)?
47
Suppose -5*t + 3*t - 4*r + 270 = 0, -3*r - 360 = -3*t. Let j = -2 - -23. What is the remainder when t is divided by j?
20
Let y(z) = 3*z - 39. Let f be y(9). What is the remainder when (-706)/(-14) - f/21 is divided by (-13)/(-3)*(2 + 1)?
12
Let k = -23 + 11. What is the remainder when 71 is divided by (-294)/k - -1*(-1)/(-2)?
21
Suppose -8*q + 5*c = -3*q - 85, 2*q + 2*c - 26 = 0. Suppose -5*v + 3*s + 162 - 109 = 0, 5*s = -3*v + 25. What is the remainder when q is divided by v?
5
Suppose 21*r - 2508 = -23*r. What is the remainder when 73 is divided by r?
16
Suppose -o - 2*p = -37, -5*p = -2*o - 4*p + 74. Calculate the remainder when 66 is divided by o.
29
Let k(a) = a**3 + 6*a**2 - 9*a - 9. Let j be k(-7). Suppose j*t + 0*t - 28 = 4*q, t + 4 = 4*q. Calculate the remainder when 29 is divided by t.
5
Suppose 2*z + w = -38, 0*z + 5*w + 37 = -z. Let i = -23 - z. Calculate the remainder when (-9)/i*(-96)/(-18) is divided by 6.
2
What is the remainder when 28 is divided by -2 - (-1*7 + 20/(-10))?
0
Let x = -56 + 14. Let d = 65 + x. What is the remainder when 44 is divided by d?
21
Suppose w = 4*w - 9, 5*w + 13 = 4*f. Calculate the remainder when (-10)/6 - ((-924)/36 + -2) is divided by f.
5
Suppose 4 = -3*u - 8, 5*c + 2*u - 12 = 0. Suppose 3*v - 4*a - 44 = 0, -a - c + 2 = 0. What is the remainder when 131 is divided by v?
11
Let w = 2 - 1. Let f be w*(1 - 1/(-1)). Suppose 5*v + 7*u - f*u = 0, -4*u = 20. What is the remainder when 18 is divided by v?
3
Let q(d) = -75*d + 16. Let j(x) = -19*x + 4. Let a(t) = -9*j(t) + 2*q(t). Let k be (10/(-3) - -4)*(-6)/(-4). Calculate the remainder when 66 is divided by a(k).
15
Let s = 0 - -10. Suppose -26 = 4*n + 2. Calculate the remainder when s is divided by n/28*12/(-1).
1
Suppose 2*l - 174 = -0*l. Calculate the remainder when l is divided by (-39*(-4)/(-48))/((-1)/4).
9
Let u(b) = -3*b**2 - 28*b - 8. Calculate the remainder when 94 is divided by u(-8).
22
Let q(y) = 3*y**2 - 4*y + 30. Let b be q(-12). Suppose 5*j - 5*o = b, 92 = j + 4*o - 3*o. What is the remainder when j is divided by 34?
29
Let q(w) = 78*w**2 - 12*w + 12. What is the remainder when q(1) is divided by 25?
3
Let k(m) = m**3 + 7*m**2 - 4*m - 13. Calculate the remainder when 57 is divided by k(-7).
12
What is the remainder when 2892/(-48)*-16 + -1*2 is divided by 9?
8
Let t be 1/5 + (-12)/(-15). Suppose -4*i + 2*a = t + 1, 2*i + a + 11 = 0. What is the remainder when 0 + 36 - (7 + i) is divided by 18?
14
Suppose -4*i + 9 = 2*r - 3, 4*r = 2